{"id":558,"date":"2022-02-03T12:42:53","date_gmt":"2022-02-03T12:42:53","guid":{"rendered":"https:\/\/monaghan.ie\/arts\/?page_id=558"},"modified":"2025-02-04T14:07:00","modified_gmt":"2025-02-04T14:07:00","slug":"clonesartiststudios","status":"publish","type":"page","link":"https:\/\/monaghan.ie\/arts\/clonesartiststudios\/","title":{"rendered":"Clones Artist Studios"},"content":{"rendered":"<p><img fetchpriority=\"high\" decoding=\"async\" class=\"aligncenter\" src=\"https:\/\/monaghan.ie\/arts\/wp-content\/uploads\/sites\/7\/2022\/02\/Front-of-Post-Office-1024x768.jpg\" alt=\"\" width=\"648\" height=\"486\" \/><\/p>\n<h3>CLONES ARTISTS\u2019 STUDIOS \/STI\u00daIDEO EALA\u00cdONT\u00d3IR\u00cd CLUAIN EOIS<\/h3>\n<h3>THE OLD POST OFFICE, The Diamond CLONES, COUNTY MONAGHAN<\/h3>\n<p>T\u00e1 <strong>Comhairle Contae Mhuineach\u00e1n<\/strong> ag <strong>lorg \/<\/strong> <strong>Monaghan County Council are seeking <\/strong><\/p>\n<p>l\u00e9irithe sp\u00e9ise \u00f3<strong><u> Eala\u00edont\u00f3ir\u00ed gairmi\u00fala<\/u><\/strong> \/expressions of interest from <strong><u>professional<\/u><\/strong><strong><u> artists<\/u><\/strong><\/p>\n<p>(open to <u>various Art practices<\/u>, oscailte do <u>chleachtais Eala\u00edne \u00e9ags\u00fala<\/u>)<\/p>\n<p>IN RENTING NON-RESIDENTIAL <u>STUDIOS\/ WORKSPACE<\/u> FOR <u>INDIVIDUAL ARTISTS<\/u><\/p>\n<p><strong>2 studios available<\/strong> + <strong>1 flexible project space<\/strong><\/p>\n<p>Submissions of interest <u>SHOULD INCLUDE<\/u> THE FOLLOWING:<\/p>\n<ol>\n<li>Name and address<\/li>\n<li>CV no more than 2 pages or relevant career information<\/li>\n<li>Timeline\/ length of stay<\/li>\n<\/ol>\n<ul>\n<li><strong>2 Studios<\/strong> (full-time occupancy) max 1 year (may be renewed). Minimum 6 months<\/li>\n<li><strong>flexible project space<\/strong>, minimum 1 week -maximum 1 month<\/li>\n<\/ul>\n<p>(1 artist submission per year)<\/p>\n<ol start=\"4\">\n<li>6 Images, Video, Website Link, or relevant career track record<\/li>\n<li>Proposal \/Artist Statement\u2013 no more than 200 words.<\/li>\n<\/ol>\n<p>This should include the type of work or process you wish to carry out<\/p>\n<p><em>A project supported by the European Union\u2019s PEACE IV Programme,<\/em><\/p>\n<p><em>managed by the Special EU Programmes Body (SEUPB)<\/em><\/p>\n<p><img decoding=\"async\" class=\"aligncenter\" src=\"https:\/\/monaghan.ie\/arts\/wp-content\/uploads\/sites\/7\/2022\/02\/Peace.png\" alt=\"\" width=\"353\" height=\"135\" \/><br \/>\n<img decoding=\"async\" class=\"aligncenter\" src=\"https:\/\/monaghan.ie\/arts\/wp-content\/uploads\/sites\/7\/2022\/02\/DeptTourism.png\" alt=\"\" width=\"356\" height=\"137\" \/><br \/>\n<img loading=\"lazy\" decoding=\"async\" class=\"aligncenter\" src=\"https:\/\/monaghan.ie\/arts\/wp-content\/uploads\/sites\/7\/2021\/11\/arts-council-2.jpg\" alt=\"\" width=\"300\" height=\"150\" \/><\/p>\n<p><strong>Monaghan County Council<\/strong> will provide a <u>Licence\/ Lease agreement<\/u> to the Professional Artist(s) who wish to undertake a specific Project or engage in the development of their creative work Practise. All Art forms will be considered, having due regard to the limitations of the building. It will not be possible to accommodate Artists who might work in larger scale or who use materials unsuited to the fabric of building. The building\u2019s architectural design and layout does limit access within the building.<\/p>\n<p><strong>Clones Artists\u2019 Studios<\/strong> is owned and operated by <strong>Monaghan County Council<\/strong>. The Artist led workspace &amp; facility was co-founded by Monaghan Artists Collective the Artists Eileen Ferguson and Joanne Behan in 2011. It has been refurbished with the generous support of funding from the <em>An Roinn Turas\u00f3ireachta, Cult\u00fair, Eala\u00edon, Gaeltachta, Sp\u00f3irt agus Me\u00e1n | Department of Tourism, Culture, Arts, Gaeltacht, Sport &amp; Media<\/em> and as a project supported by <em>the European Union\u2019s PEACE IV Programme, managed by the Special EU Programmes Body (SEUPB).<\/em><\/p>\n<p>A dedicated programme will be devised in the next year which will aim to deliver on some of the key aspirations of our funding partners that will form part of the creative output of the Studios<\/p>\n<p>Clones Artists\u2019 Studios is in the old Victorian Post Office which was built in 1903 and situated in the historic town of Clones, County Monaghan <strong><a href=\"https:\/\/www.clones-ireland.com\/\" target=\"_blank\" rel=\"noopener noreferrer\">https:\/\/www.clones-ireland.com\/<\/a><\/strong> this building is a Heritage listed Building situated in a central location of the Town.<\/p>\n<p><strong>Clones<\/strong> is the administrative town of the <u>Municipal district of Ballybay &#8211; Clones<\/u> <a href=\"https:\/\/monaghan.ie\/ballybay-clones-municipal-district\/\" target=\"_blank\" rel=\"noopener noreferrer\"><strong>https:\/\/monaghan.ie\/ballybay-clones-municipal-district\/<\/strong><\/a><\/p>\n<p>Clones Artists Studios is a key facility in the one of the County\u2019s premier cultural events the annual <strong>Clones Film Festival<\/strong>, held at the October bank holiday weekend <strong><a href=\"https:\/\/www.clonesfilmfestival.com\/\" target=\"_blank\" rel=\"noopener noreferrer\">https:\/\/www.clonesfilmfestival.com\/<\/a><\/strong> and is a venue for <strong>Culture Night<\/strong> held in September.<\/p>\n<p>Clones is also <u>only 15mins away<\/u> from the Internationally renowned <strong>The Tyrone Guthrie Centre <\/strong><a href=\"http:\/\/www.tyroneguthrie.ie\/\" target=\"_blank\" rel=\"noopener noreferrer\"><strong>http:\/\/www.tyroneguthrie.ie\/<\/strong><\/a> at<u> Annaghmakerrig<\/u> a residential workplace with a residency programme in Ireland for artists of all disciplines.<\/p>\n<p><a href=\"https:\/\/www.facebook.com\/ClonesArtStudios\" target=\"_blank\" rel=\"noopener noreferrer\"><strong>https:\/\/www.facebook.com\/ClonesArtStudios<\/strong><\/a><\/p>\n<p><strong>Rent: \u20ac 150 per month per studio,<\/strong> considered as full-time occupancy<\/p>\n<p><strong>Studio 1 <\/strong>(access by narrow Stairs) <u>Dimensions<\/u> 17.2m2, Ceiling Height 3m<\/p>\n<p><a href=\"https:\/\/monaghan.ie\/arts\/wp-content\/uploads\/sites\/7\/2022\/02\/Studio-One.jpg\" data-elementor-open-lightbox=\"yes\" data-elementor-lightbox-title=\"Studio One\"><br \/>\n<img loading=\"lazy\" decoding=\"async\" class=\"aligncenter\" src=\"https:\/\/monaghan.ie\/arts\/wp-content\/uploads\/sites\/7\/2022\/02\/Studio-One-1024x768.jpg\" alt=\"\" width=\"648\" height=\"486\" \/> <\/a><br \/>\n<a href=\"https:\/\/monaghan.ie\/arts\/wp-content\/uploads\/sites\/7\/2022\/02\/Studio-1.jpg\" data-elementor-open-lightbox=\"yes\" data-elementor-lightbox-title=\"Studio #1\"><br \/>\n<img loading=\"lazy\" decoding=\"async\" class=\"aligncenter\" src=\"https:\/\/monaghan.ie\/arts\/wp-content\/uploads\/sites\/7\/2022\/02\/Studio-1-1024x768.jpg\" alt=\"\" width=\"648\" height=\"486\" \/> <\/a><br \/>\n<a href=\"https:\/\/monaghan.ie\/arts\/wp-content\/uploads\/sites\/7\/2022\/02\/Studio-1-1.jpg\" data-elementor-open-lightbox=\"yes\" data-elementor-lightbox-title=\"Studio 1\"><br \/>\n<img loading=\"lazy\" decoding=\"async\" class=\"aligncenter\" src=\"https:\/\/monaghan.ie\/arts\/wp-content\/uploads\/sites\/7\/2022\/02\/Studio-1-1-1024x768.jpg\" alt=\"\" width=\"648\" height=\"486\" \/> <\/a><\/p>\n<p style=\"text-align: center;\"><strong>Studio 2 <\/strong>(access by narrow stairs) <u>Dimensions<\/u> 13.7m2, Ceiling height 3m<\/p>\n<p><a href=\"https:\/\/monaghan.ie\/arts\/wp-content\/uploads\/sites\/7\/2022\/02\/Studio-2.jpg\" data-elementor-open-lightbox=\"yes\" data-elementor-lightbox-title=\"Studio 2\"><br \/>\n<img loading=\"lazy\" decoding=\"async\" class=\"aligncenter\" src=\"https:\/\/monaghan.ie\/arts\/wp-content\/uploads\/sites\/7\/2022\/02\/Studio-2-1024x768.jpg\" alt=\"\" width=\"648\" height=\"486\" \/> <\/a><br \/>\n<a href=\"https:\/\/monaghan.ie\/arts\/wp-content\/uploads\/sites\/7\/2022\/02\/Studio-2-1.jpg\" data-elementor-open-lightbox=\"yes\" data-elementor-lightbox-title=\"Studio #2\"><br \/>\n<img loading=\"lazy\" decoding=\"async\" class=\"aligncenter\" src=\"https:\/\/monaghan.ie\/arts\/wp-content\/uploads\/sites\/7\/2022\/02\/Studio-2-1-1024x768.jpg\" alt=\"\" width=\"648\" height=\"486\" \/> <\/a><br \/>\n<a href=\"https:\/\/monaghan.ie\/arts\/wp-content\/uploads\/sites\/7\/2022\/02\/Sudio-two-scaled.jpg\" data-elementor-open-lightbox=\"yes\" data-elementor-lightbox-title=\"Sudio Two\"><br \/>\n<img loading=\"lazy\" decoding=\"async\" class=\"aligncenter\" src=\"https:\/\/monaghan.ie\/arts\/wp-content\/uploads\/sites\/7\/2022\/02\/Sudio-two-1024x768.jpg\" alt=\"\" width=\"648\" height=\"486\" \/> <\/a><\/p>\n<p style=\"text-align: center;\"><strong>Flexible project space <\/strong><u>Rent \u20ac75 p\/w<\/u> (old sorting office) Fully accessible<\/p>\n<p><a href=\"https:\/\/monaghan.ie\/arts\/wp-content\/uploads\/sites\/7\/2022\/02\/Old-sorting-Office-temporary-work-space.jpg\" data-elementor-open-lightbox=\"yes\" data-elementor-lightbox-title=\"Old Sorting Office &amp; Temporary Work Space\"><br \/>\n<img loading=\"lazy\" decoding=\"async\" class=\"aligncenter\" src=\"https:\/\/monaghan.ie\/arts\/wp-content\/uploads\/sites\/7\/2022\/02\/Old-sorting-Office-temporary-work-space-1024x768.jpg\" alt=\"\" width=\"648\" height=\"486\" \/> <\/a><\/p>\n<p style=\"text-align: center;\"><a href=\"https:\/\/monaghan.ie\/arts\/wp-content\/uploads\/sites\/7\/2022\/02\/Front-Studio-tea-Room-scaled.jpg\" data-elementor-open-lightbox=\"yes\" data-elementor-lightbox-title=\"Front Studio &amp; Tea Room\"><br \/>\n<img loading=\"lazy\" decoding=\"async\" class=\"aligncenter\" src=\"https:\/\/monaghan.ie\/arts\/wp-content\/uploads\/sites\/7\/2022\/02\/Front-Studio-tea-Room-1024x768.jpg\" alt=\"\" width=\"648\" height=\"486\" \/> <\/a><br \/>\nFront studio &amp; Tea Room<\/p>\n<p style=\"text-align: center;\"><a href=\"https:\/\/monaghan.ie\/arts\/wp-content\/uploads\/sites\/7\/2022\/02\/Office-Space.jpg\" data-elementor-open-lightbox=\"yes\" data-elementor-lightbox-title=\"Office Space\"><br \/>\n<img loading=\"lazy\" decoding=\"async\" class=\"aligncenter\" src=\"https:\/\/monaghan.ie\/arts\/wp-content\/uploads\/sites\/7\/2022\/02\/Office-Space-1024x768.jpg\" alt=\"\" width=\"648\" height=\"486\" \/> <\/a>Office facilities<\/p>\n<p style=\"text-align: center;\"><a href=\"https:\/\/monaghan.ie\/arts\/wp-content\/uploads\/sites\/7\/2022\/02\/Yard-Space.jpg\" data-elementor-open-lightbox=\"yes\" data-elementor-lightbox-title=\"Yard Space\"><br \/>\n<img loading=\"lazy\" decoding=\"async\" class=\"aligncenter\" src=\"https:\/\/monaghan.ie\/arts\/wp-content\/uploads\/sites\/7\/2022\/02\/Yard-Space-1024x768.jpg\" alt=\"\" width=\"648\" height=\"486\" \/> <\/a>Outdoor yard, accessible.<\/p>\n<p>The Artists\u2019 Studio provides secure, bright, and heated workspace with Wi-Fi.<\/p>\n<p><strong>Criteria &amp; Conditions<\/strong><\/p>\n<p>Access into the building will be from 8am \u2013 8pm<br \/>\nThe Artist must have their own Insurance.<br \/>\nApplicants must satisfy some of the requirements listed below.<\/p>\n<ul>\n<li>Degree or Diploma from a recognised Third Level College<\/li>\n<li>Work has been commissioned\/purchased by a State Institution, such as the Local Authority, The Arts Council, Museum, or a Corporate Client.<\/li>\n<li>Has been awarded a Bursary, Residency, or Grant aided by The Arts Council(s) of Ireland, Local Authorities, or other funding bodies.<\/li>\n<li>Created work in any art form or discipline which was staged, published, exhibited and \/or recognised by your peers<\/li>\n<\/ul>\n<p><a role=\"button\" href=\"https:\/\/monaghan.ie\/arts\/wp-content\/uploads\/sites\/7\/2022\/02\/Floor-plan-layouts-Ground-Floor-Layout-1.pdf\" target=\"_blank\" rel=\"noopener noreferrer\"><br \/>\n<strong>Ground Floor Layout<\/strong><br \/>\n<\/a><br \/>\n<a role=\"button\" href=\"https:\/\/monaghan.ie\/arts\/wp-content\/uploads\/sites\/7\/2022\/02\/Floor-plan-layouts-First-floor-layout-1.pdf\" target=\"_blank\" rel=\"noopener noreferrer\"><br \/>\n<strong>First Floor Layout<\/strong><br \/>\n<\/a><\/p>\n<p>Submissions will be assessed on the following Criteria by An Arts Panel:<\/p>\n<ul>\n<li>The level of experience or commitment to developing their Professional Practice<\/li>\n<li>The Quality of previous creative work<\/li>\n<li>The Clarity and suitability of the Applicants Proposal<\/li>\n<li>The degree to which a studio will enhance the Artist\u2019s Practice and development<\/li>\n<\/ul>\n<p><strong>Contact<\/strong> Please send your Expression of Interest to <a href=\"mailto:artsoffice@monaghancoco.ie\" target=\"_blank\" rel=\"noopener noreferrer\"><strong>artsoffice@monaghancoco.ie<\/strong><\/a><\/p>\n<p>Monaghan Council County reserves the right to hold the Artists information in order that we may set up a panel which may be active for 12 months., unless otherwise notified by Artist.<\/p>\n","protected":false},"excerpt":{"rendered":"<p>CLONES ARTISTS\u2019 STUDIOS \/STI\u00daIDEO EALA\u00cdONT\u00d3IR\u00cd CLUAIN EOIS THE OLD POST OFFICE, The Diamond CLONES, COUNTY MONAGHAN T\u00e1 Comhairle Contae Mhuineach\u00e1n ag lorg \/ Monaghan County Council are seeking l\u00e9irithe sp\u00e9ise [&hellip;]<\/p>\n","protected":false},"author":1,"featured_media":0,"parent":0,"menu_order":0,"comment_status":"closed","ping_status":"closed","template":"","meta":{"_searchwp_excluded":"","footnotes":""},"class_list":["post-558","page","type-page","status-publish","hentry"],"yoast_head":"<!-- This site is optimized with the Yoast SEO plugin v27.2 - https:\/\/yoast.com\/product\/yoast-seo-wordpress\/ -->\n<title>Clones Artist Studios - Arts<\/title>\n<meta name=\"robots\" content=\"index, follow, max-snippet:-1, max-image-preview:large, max-video-preview:-1\" \/>\n<link rel=\"canonical\" href=\"https:\/\/monaghan.ie\/arts\/clonesartiststudios\/\" \/>\n<meta property=\"og:locale\" content=\"en_GB\" \/>\n<meta property=\"og:type\" content=\"article\" \/>\n<meta property=\"og:title\" content=\"Clones Artist Studios - Arts\" \/>\n<meta property=\"og:description\" content=\"CLONES ARTISTS\u2019 STUDIOS \/STI\u00daIDEO EALA\u00cdONT\u00d3IR\u00cd CLUAIN EOIS THE OLD POST OFFICE, The Diamond CLONES, COUNTY MONAGHAN T\u00e1 Comhairle Contae Mhuineach\u00e1n ag lorg \/ Monaghan County Council are seeking l\u00e9irithe sp\u00e9ise [&hellip;]\" \/>\n<meta property=\"og:url\" content=\"https:\/\/monaghan.ie\/arts\/clonesartiststudios\/\" \/>\n<meta property=\"og:site_name\" content=\"Arts\" \/>\n<meta property=\"article:modified_time\" content=\"2025-02-04T14:07:00+00:00\" \/>\n<meta property=\"og:image\" content=\"https:\/\/monaghan.ie\/arts\/wp-content\/uploads\/sites\/7\/2022\/02\/Front-of-Post-Office-1024x768.jpg\" \/>\n<meta name=\"twitter:card\" content=\"summary_large_image\" \/>\n<meta name=\"twitter:label1\" content=\"Estimated reading time\" \/>\n\t<meta name=\"twitter:data1\" content=\"7 minutes\" \/>\n<script type=\"application\/ld+json\" class=\"yoast-schema-graph\">{\"@context\":\"https:\/\/schema.org\",\"@graph\":[{\"@type\":\"WebPage\",\"@id\":\"https:\/\/monaghan.ie\/arts\/clonesartiststudios\/\",\"url\":\"https:\/\/monaghan.ie\/arts\/clonesartiststudios\/\",\"name\":\"Clones Artist Studios - Arts\",\"isPartOf\":{\"@id\":\"https:\/\/monaghan.ie\/arts\/#website\"},\"primaryImageOfPage\":{\"@id\":\"https:\/\/monaghan.ie\/arts\/clonesartiststudios\/#primaryimage\"},\"image\":{\"@id\":\"https:\/\/monaghan.ie\/arts\/clonesartiststudios\/#primaryimage\"},\"thumbnailUrl\":\"https:\/\/monaghan.ie\/arts\/wp-content\/uploads\/sites\/7\/2022\/02\/Front-of-Post-Office-1024x768.jpg\",\"datePublished\":\"2022-02-03T12:42:53+00:00\",\"dateModified\":\"2025-02-04T14:07:00+00:00\",\"breadcrumb\":{\"@id\":\"https:\/\/monaghan.ie\/arts\/clonesartiststudios\/#breadcrumb\"},\"inLanguage\":\"en-GB\",\"potentialAction\":[{\"@type\":\"ReadAction\",\"target\":[\"https:\/\/monaghan.ie\/arts\/clonesartiststudios\/\"]}]},{\"@type\":\"ImageObject\",\"inLanguage\":\"en-GB\",\"@id\":\"https:\/\/monaghan.ie\/arts\/clonesartiststudios\/#primaryimage\",\"url\":\"https:\/\/monaghan.ie\/arts\/wp-content\/uploads\/sites\/7\/2022\/02\/Front-of-Post-Office.jpg\",\"contentUrl\":\"https:\/\/monaghan.ie\/arts\/wp-content\/uploads\/sites\/7\/2022\/02\/Front-of-Post-Office.jpg\",\"width\":1280,\"height\":960},{\"@type\":\"BreadcrumbList\",\"@id\":\"https:\/\/monaghan.ie\/arts\/clonesartiststudios\/#breadcrumb\",\"itemListElement\":[{\"@type\":\"ListItem\",\"position\":1,\"name\":\"Home\",\"item\":\"https:\/\/monaghan.ie\/arts\/\"},{\"@type\":\"ListItem\",\"position\":2,\"name\":\"Clones Artist Studios\"}]},{\"@type\":\"WebSite\",\"@id\":\"https:\/\/monaghan.ie\/arts\/#website\",\"url\":\"https:\/\/monaghan.ie\/arts\/\",\"name\":\"Arts\",\"description\":\"Monaghan County Council\",\"potentialAction\":[{\"@type\":\"SearchAction\",\"target\":{\"@type\":\"EntryPoint\",\"urlTemplate\":\"https:\/\/monaghan.ie\/arts\/?s={search_term_string}\"},\"query-input\":{\"@type\":\"PropertyValueSpecification\",\"valueRequired\":true,\"valueName\":\"search_term_string\"}}],\"inLanguage\":\"en-GB\"}]}<\/script>\n<!-- \/ Yoast SEO plugin. -->","yoast_head_json":{"title":"Clones Artist Studios - Arts","robots":{"index":"index","follow":"follow","max-snippet":"max-snippet:-1","max-image-preview":"max-image-preview:large","max-video-preview":"max-video-preview:-1"},"canonical":"https:\/\/monaghan.ie\/arts\/clonesartiststudios\/","og_locale":"en_GB","og_type":"article","og_title":"Clones Artist Studios - Arts","og_description":"CLONES ARTISTS\u2019 STUDIOS \/STI\u00daIDEO EALA\u00cdONT\u00d3IR\u00cd CLUAIN EOIS THE OLD POST OFFICE, The Diamond CLONES, COUNTY MONAGHAN T\u00e1 Comhairle Contae Mhuineach\u00e1n ag lorg \/ Monaghan County Council are seeking l\u00e9irithe sp\u00e9ise [&hellip;]","og_url":"https:\/\/monaghan.ie\/arts\/clonesartiststudios\/","og_site_name":"Arts","article_modified_time":"2025-02-04T14:07:00+00:00","og_image":[{"url":"https:\/\/monaghan.ie\/arts\/wp-content\/uploads\/sites\/7\/2022\/02\/Front-of-Post-Office-1024x768.jpg","type":"","width":"","height":""}],"twitter_card":"summary_large_image","twitter_misc":{"Estimated reading time":"7 minutes"},"schema":{"@context":"https:\/\/schema.org","@graph":[{"@type":"WebPage","@id":"https:\/\/monaghan.ie\/arts\/clonesartiststudios\/","url":"https:\/\/monaghan.ie\/arts\/clonesartiststudios\/","name":"Clones Artist Studios - Arts","isPartOf":{"@id":"https:\/\/monaghan.ie\/arts\/#website"},"primaryImageOfPage":{"@id":"https:\/\/monaghan.ie\/arts\/clonesartiststudios\/#primaryimage"},"image":{"@id":"https:\/\/monaghan.ie\/arts\/clonesartiststudios\/#primaryimage"},"thumbnailUrl":"https:\/\/monaghan.ie\/arts\/wp-content\/uploads\/sites\/7\/2022\/02\/Front-of-Post-Office-1024x768.jpg","datePublished":"2022-02-03T12:42:53+00:00","dateModified":"2025-02-04T14:07:00+00:00","breadcrumb":{"@id":"https:\/\/monaghan.ie\/arts\/clonesartiststudios\/#breadcrumb"},"inLanguage":"en-GB","potentialAction":[{"@type":"ReadAction","target":["https:\/\/monaghan.ie\/arts\/clonesartiststudios\/"]}]},{"@type":"ImageObject","inLanguage":"en-GB","@id":"https:\/\/monaghan.ie\/arts\/clonesartiststudios\/#primaryimage","url":"https:\/\/monaghan.ie\/arts\/wp-content\/uploads\/sites\/7\/2022\/02\/Front-of-Post-Office.jpg","contentUrl":"https:\/\/monaghan.ie\/arts\/wp-content\/uploads\/sites\/7\/2022\/02\/Front-of-Post-Office.jpg","width":1280,"height":960},{"@type":"BreadcrumbList","@id":"https:\/\/monaghan.ie\/arts\/clonesartiststudios\/#breadcrumb","itemListElement":[{"@type":"ListItem","position":1,"name":"Home","item":"https:\/\/monaghan.ie\/arts\/"},{"@type":"ListItem","position":2,"name":"Clones Artist Studios"}]},{"@type":"WebSite","@id":"https:\/\/monaghan.ie\/arts\/#website","url":"https:\/\/monaghan.ie\/arts\/","name":"Arts","description":"Monaghan County Council","potentialAction":[{"@type":"SearchAction","target":{"@type":"EntryPoint","urlTemplate":"https:\/\/monaghan.ie\/arts\/?s={search_term_string}"},"query-input":{"@type":"PropertyValueSpecification","valueRequired":true,"valueName":"search_term_string"}}],"inLanguage":"en-GB"}]}},"_links":{"self":[{"href":"https:\/\/monaghan.ie\/arts\/wp-json\/wp\/v2\/pages\/558","targetHints":{"allow":["GET"]}}],"collection":[{"href":"https:\/\/monaghan.ie\/arts\/wp-json\/wp\/v2\/pages"}],"about":[{"href":"https:\/\/monaghan.ie\/arts\/wp-json\/wp\/v2\/types\/page"}],"author":[{"embeddable":true,"href":"https:\/\/monaghan.ie\/arts\/wp-json\/wp\/v2\/users\/1"}],"replies":[{"embeddable":true,"href":"https:\/\/monaghan.ie\/arts\/wp-json\/wp\/v2\/comments?post=558"}],"version-history":[{"count":47,"href":"https:\/\/monaghan.ie\/arts\/wp-json\/wp\/v2\/pages\/558\/revisions"}],"predecessor-version":[{"id":1483,"href":"https:\/\/monaghan.ie\/arts\/wp-json\/wp\/v2\/pages\/558\/revisions\/1483"}],"wp:attachment":[{"href":"https:\/\/monaghan.ie\/arts\/wp-json\/wp\/v2\/media?parent=558"}],"curies":[{"name":"wp","href":"https:\/\/api.w.org\/{rel}","templated":true}]}}