{"id":3392,"date":"2025-08-28T15:35:14","date_gmt":"2025-08-28T14:35:14","guid":{"rendered":"https:\/\/monaghan.ie\/communitydevelopment\/?page_id=3392"},"modified":"2026-02-09T11:51:23","modified_gmt":"2026-02-09T11:51:23","slug":"lcsp","status":"publish","type":"page","link":"https:\/\/monaghan.ie\/communitydevelopment\/lcsp\/","title":{"rendered":"Monaghan Local Community Safety Partnership"},"content":{"rendered":"<h3 style=\"text-align: left;\"><strong><u><br \/>\n<img fetchpriority=\"high\" decoding=\"async\" class=\"aligncenter wp-image-3402 size-large\" src=\"https:\/\/monaghan.ie\/communitydevelopment\/wp-content\/uploads\/sites\/8\/2025\/08\/Monaghan_LCSP_Headline_RGB-1024x222.jpg\" alt=\"LCSP logo\" width=\"800\" height=\"173\" srcset=\"https:\/\/monaghan.ie\/communitydevelopment\/wp-content\/uploads\/sites\/8\/2025\/08\/Monaghan_LCSP_Headline_RGB-1024x222.jpg 1024w, https:\/\/monaghan.ie\/communitydevelopment\/wp-content\/uploads\/sites\/8\/2025\/08\/Monaghan_LCSP_Headline_RGB-300x65.jpg 300w, https:\/\/monaghan.ie\/communitydevelopment\/wp-content\/uploads\/sites\/8\/2025\/08\/Monaghan_LCSP_Headline_RGB-768x167.jpg 768w, https:\/\/monaghan.ie\/communitydevelopment\/wp-content\/uploads\/sites\/8\/2025\/08\/Monaghan_LCSP_Headline_RGB-1536x333.jpg 1536w, https:\/\/monaghan.ie\/communitydevelopment\/wp-content\/uploads\/sites\/8\/2025\/08\/Monaghan_LCSP_Headline_RGB-18x4.jpg 18w, https:\/\/monaghan.ie\/communitydevelopment\/wp-content\/uploads\/sites\/8\/2025\/08\/Monaghan_LCSP_Headline_RGB.jpg 1765w\" sizes=\"(max-width: 800px) 100vw, 800px\" \/><\/u><\/strong><\/h3>\n<h3><a href=\"https:\/\/monaghan.ie\/communitydevelopment\/wp-content\/uploads\/sites\/8\/2026\/01\/Minutes-of-Meeting-held-27th-November-2025.pdf\" target=\"_blank\" rel=\"noopener\"><strong>Minutes &#8211; 27th November 2025\u00a0<\/strong><\/a><\/h3>\n<p>&nbsp;<\/p>\n<p>Monaghan Local Community Safety Partnership held its inaugural meeting in November 2025. The Partnerships have been established by the Minister for Justice, Home Affairs and Migration in each Local Authority across Ireland.<\/p>\n<p>The objective of the LCSP is to improve community safety and well-being through a collaborative, community-led approach by bringing together residents, local authorities, public bodies and community representatives to create and implement local community safety plans.<\/p>\n<p>The new LCSP will replace and build on the excellent work which the Monaghan Joint Policing Committee (JPC) achieved over a number of years. The LCSP includes a broader range of members than its predecessor. Mandatory members include Local Councillors, Local Authority Officials, An Garda S\u00edoch\u00e1na, representatives from the HSE and the Child and Family Agency Tusla.<\/p>\n<p>Community representation includes local residents, members representing youth groups, the older population, new and minority groups, and the business and education sector.<\/p>\n<p>Cllr. Alan Johnston has been elected as the Chair of the new LCSP and Cllr. Sin\u00e9ad Flynn has been elected as Vice-Chair of the LCSP in Monaghan.<\/p>\n<p>The LCSP will hold at least six meetings annually. Members of the public can attend one of those meetings while Oireachtas members and all locally elected public representatives will have opportunities to engage with members by attending at least one LCSP meeting annually. A date for the public meeting will be advertised towards the end of 2026, when the members will communicate the progress made to date.<\/p>\n<p>The LCSP will also be required to develop and implement its own tailored 3 Year Community Safety Plan, which is expected to be published in the second half of 2026. A new National Strategy for Improving Community Safety is also currently at consultation stage and is also due to be published in 2026.<\/p>\n<p>Cllr. Alan Johnston, newly elected Chair of the Monaghan Local Community Safety Partnership, said \u201cI am delighted that the Local Community Safety Partnership has been established in Monaghan, and have moved quickly to start progressing our Community Safety Plan. We have a great opportunity to work with our members to ensure that our communities in Monaghan are safer to live and visit, and that our residents feel safer. We are committed to consulting with our communities on our plan, as it is important that everyone\u2019s view is taken into consideration. Bringing together committee members, community groups and local stakeholders will allow us to develop a plan which will aim to make our communities even safer and also make people living in Monaghan feel safer.\u201d<\/p>\n<p>All queries on the Monaghan Local Community Safety Partnership or on community safety issue can be emailed to: <a href=\"mailto:communitysafety@monaghancoco.ie\">communitysafety@monaghancoco.ie<\/a><\/p>\n<p>&nbsp;<\/p>\n<h3 style=\"text-align: center;\">Public Consultation<\/h3>\n<p>&nbsp;<\/p>\n<p>Monaghan Local Community Safety Partnership (LCSP) is currently holding a public consultation period for its inaugural Monaghan Community Safety Plan 2026-2028. Local residents are encouraged to take part in the consultation process. We want to hear your views on Community Safety in Monaghan!<\/p>\n<p>As part of the consultation, we are encouraging all residents to complete the Community Safety questionnaire which is available below:<\/p>\n<p><a href=\"https:\/\/consult.monaghancoco.ie\/en\/content\/monaghan-community-safety-plan-2026-2028-consultation-questionnaire\" target=\"_blank\" rel=\"noopener\">Monaghan Community Safety Plan 2026 &#8211; 2028 Consultation Questionnaire | Monaghan County Council&#8217;s Consultation Portal<\/a><\/p>\n<p>Completing the questionnaire should take no more than five minutes!<\/p>\n<p>The public consultation, including the questionnaire, will remain open until Tuesday 31<sup>st<\/sup> March. Paper copies of the questionnaire will be made available at libraries and Council Offices throughout the county. Any groups who would like to take part in the consultation process, or would like copies of the questionnaire can contact the Community Safety Office at <a href=\"mailto:communitysafety@monaghancoco.ie\" target=\"_blank\" rel=\"noopener\">communitysafety@monaghancoco.ie<\/a><\/p>\n<p>Public consultation will be key to the success of the Safety Plan, as it will highlight issues of concern which can be addressed in the Action Plan. The consultation will ensure that the plan is reflective of local needs and highlight the core safety issues within our communities throughout County Monaghan.<\/p>\n<p>The Partnerships have been established by the Minister for Justice, Home Affairs and Migration in each Local Authority across Ireland. The objective of the LCSP is to improve community safety and well-being through a collaborative, community-led approach by bringing together residents, local authorities, state services and community representatives to create and implement local community safety plans.<\/p>\n<p>&nbsp;<\/p>\n<p><a href=\"https:\/\/monaghan.ie\/communitydevelopment\/wp-content\/uploads\/sites\/8\/2026\/02\/Poster-for-Questionnaire-002.png\"><img decoding=\"async\" class=\"aligncenter wp-image-3600 size-large\" src=\"https:\/\/monaghan.ie\/communitydevelopment\/wp-content\/uploads\/sites\/8\/2026\/02\/Poster-for-Questionnaire-002-724x1024.png\" alt=\"Poster For Questionnaire (002)\" width=\"724\" height=\"1024\" srcset=\"https:\/\/monaghan.ie\/communitydevelopment\/wp-content\/uploads\/sites\/8\/2026\/02\/Poster-for-Questionnaire-002-724x1024.png 724w, https:\/\/monaghan.ie\/communitydevelopment\/wp-content\/uploads\/sites\/8\/2026\/02\/Poster-for-Questionnaire-002-212x300.png 212w, https:\/\/monaghan.ie\/communitydevelopment\/wp-content\/uploads\/sites\/8\/2026\/02\/Poster-for-Questionnaire-002-768x1086.png 768w, https:\/\/monaghan.ie\/communitydevelopment\/wp-content\/uploads\/sites\/8\/2026\/02\/Poster-for-Questionnaire-002-1086x1536.png 1086w, https:\/\/monaghan.ie\/communitydevelopment\/wp-content\/uploads\/sites\/8\/2026\/02\/Poster-for-Questionnaire-002-1448x2048.png 1448w, https:\/\/monaghan.ie\/communitydevelopment\/wp-content\/uploads\/sites\/8\/2026\/02\/Poster-for-Questionnaire-002-8x12.png 8w, https:\/\/monaghan.ie\/communitydevelopment\/wp-content\/uploads\/sites\/8\/2026\/02\/Poster-for-Questionnaire-002.png 1587w\" sizes=\"(max-width: 724px) 100vw, 724px\" \/><\/a><\/p>\n<p>&nbsp;<\/p>\n<p><a href=\"https:\/\/monaghan.ie\/communitydevelopment\/wp-content\/uploads\/sites\/8\/2026\/01\/IMG_0549-scaled.jpg\"><img decoding=\"async\" class=\"aligncenter wp-image-3575 size-large\" src=\"https:\/\/monaghan.ie\/communitydevelopment\/wp-content\/uploads\/sites\/8\/2026\/01\/IMG_0549-1024x768.jpg\" alt=\"Local Community Safety Partnership\" width=\"800\" height=\"600\" srcset=\"https:\/\/monaghan.ie\/communitydevelopment\/wp-content\/uploads\/sites\/8\/2026\/01\/IMG_0549-1024x768.jpg 1024w, https:\/\/monaghan.ie\/communitydevelopment\/wp-content\/uploads\/sites\/8\/2026\/01\/IMG_0549-300x225.jpg 300w, https:\/\/monaghan.ie\/communitydevelopment\/wp-content\/uploads\/sites\/8\/2026\/01\/IMG_0549-768x576.jpg 768w, https:\/\/monaghan.ie\/communitydevelopment\/wp-content\/uploads\/sites\/8\/2026\/01\/IMG_0549-1536x1152.jpg 1536w, https:\/\/monaghan.ie\/communitydevelopment\/wp-content\/uploads\/sites\/8\/2026\/01\/IMG_0549-2048x1536.jpg 2048w, https:\/\/monaghan.ie\/communitydevelopment\/wp-content\/uploads\/sites\/8\/2026\/01\/IMG_0549-16x12.jpg 16w\" sizes=\"(max-width: 800px) 100vw, 800px\" \/><\/a><\/p>\n<p><a href=\"https:\/\/monaghan.ie\/communitydevelopment\/wp-content\/uploads\/sites\/8\/2026\/01\/local-community-safety-partnership-scaled.jpg\"><img loading=\"lazy\" decoding=\"async\" class=\"aligncenter wp-image-3576 size-large\" src=\"https:\/\/monaghan.ie\/communitydevelopment\/wp-content\/uploads\/sites\/8\/2026\/01\/local-community-safety-partnership-1024x679.jpg\" alt=\"Local Community Safety Partnership\" width=\"800\" height=\"530\" srcset=\"https:\/\/monaghan.ie\/communitydevelopment\/wp-content\/uploads\/sites\/8\/2026\/01\/local-community-safety-partnership-1024x679.jpg 1024w, https:\/\/monaghan.ie\/communitydevelopment\/wp-content\/uploads\/sites\/8\/2026\/01\/local-community-safety-partnership-300x199.jpg 300w, https:\/\/monaghan.ie\/communitydevelopment\/wp-content\/uploads\/sites\/8\/2026\/01\/local-community-safety-partnership-768x509.jpg 768w, https:\/\/monaghan.ie\/communitydevelopment\/wp-content\/uploads\/sites\/8\/2026\/01\/local-community-safety-partnership-1536x1019.jpg 1536w, https:\/\/monaghan.ie\/communitydevelopment\/wp-content\/uploads\/sites\/8\/2026\/01\/local-community-safety-partnership-2048x1358.jpg 2048w, https:\/\/monaghan.ie\/communitydevelopment\/wp-content\/uploads\/sites\/8\/2026\/01\/local-community-safety-partnership-18x12.jpg 18w\" sizes=\"(max-width: 800px) 100vw, 800px\" \/><\/a><\/p>\n<p>&nbsp;<\/p>\n<p>&nbsp;<\/p>\n<h5>Further information can be found in the Guidance Document:<\/h5>\n<p><a href=\"https:\/\/monaghan.ie\/communitydevelopment\/wp-content\/uploads\/sites\/8\/2025\/08\/Guidance-for-the-Operation-of-Local-Community-Safety-Partnerships.pdf\" target=\"_blank\" rel=\"noopener\">Guidance for the Operation of Local Community Safety Partnerships (PDF)<\/a> (English version)<\/p>\n<p><a href=\"https:\/\/monaghan.ie\/communitydevelopment\/wp-content\/uploads\/sites\/8\/2025\/08\/Treoir-maidir-le-Comhphairtiochtai-Sabhailteachta-Pobail-Aitiula-a-Oibriu.pdf\" target=\"_blank\" rel=\"noopener\">Treoir maidir le Comhph\u00e1irt\u00edochta\u00ed S\u00e1bh\u00e1ilteachta Pobail \u00c1iti\u00fala a Oibri\u00fa<\/a> (Irish version)<\/p>\n<p>&nbsp;<\/p>\n<p>&nbsp;<\/p>\n","protected":false},"excerpt":{"rendered":"<p>Minutes &#8211; 27th November 2025\u00a0 &nbsp; Monaghan Local Community Safety Partnership held its inaugural meeting in November 2025. The Partnerships have been established by the Minister for Justice, Home Affairs [&hellip;]<\/p>\n","protected":false},"author":47,"featured_media":0,"parent":0,"menu_order":0,"comment_status":"closed","ping_status":"closed","template":"","meta":{"_searchwp_excluded":"","footnotes":""},"class_list":["post-3392","page","type-page","status-publish","hentry"],"yoast_head":"<!-- This site is optimized with the Yoast SEO plugin v27.2 - https:\/\/yoast.com\/product\/yoast-seo-wordpress\/ -->\n<title>Monaghan Local Community Safety Partnership - Community Development<\/title>\n<meta name=\"robots\" content=\"index, follow, max-snippet:-1, max-image-preview:large, max-video-preview:-1\" \/>\n<link rel=\"canonical\" href=\"https:\/\/monaghan.ie\/communitydevelopment\/lcsp\/\" \/>\n<meta property=\"og:locale\" content=\"en_GB\" \/>\n<meta property=\"og:type\" content=\"article\" \/>\n<meta property=\"og:title\" content=\"Monaghan Local Community Safety Partnership - Community Development\" \/>\n<meta property=\"og:description\" content=\"Minutes &#8211; 27th November 2025\u00a0 &nbsp; Monaghan Local Community Safety Partnership held its inaugural meeting in November 2025. The Partnerships have been established by the Minister for Justice, Home Affairs [&hellip;]\" \/>\n<meta property=\"og:url\" content=\"https:\/\/monaghan.ie\/communitydevelopment\/lcsp\/\" \/>\n<meta property=\"og:site_name\" content=\"Community Development\" \/>\n<meta property=\"article:modified_time\" content=\"2026-02-09T11:51:23+00:00\" \/>\n<meta property=\"og:image\" content=\"https:\/\/monaghan.ie\/communitydevelopment\/wp-content\/uploads\/sites\/8\/2025\/08\/Monaghan_LCSP_Headline_RGB.jpg\" \/>\n\t<meta property=\"og:image:width\" content=\"1765\" \/>\n\t<meta property=\"og:image:height\" content=\"383\" \/>\n\t<meta property=\"og:image:type\" content=\"image\/jpeg\" \/>\n<meta name=\"twitter:card\" content=\"summary_large_image\" \/>\n<meta name=\"twitter:label1\" content=\"Estimated reading time\" \/>\n\t<meta name=\"twitter:data1\" content=\"4 minutes\" \/>\n<script type=\"application\/ld+json\" class=\"yoast-schema-graph\">{\"@context\":\"https:\/\/schema.org\",\"@graph\":[{\"@type\":\"WebPage\",\"@id\":\"https:\/\/monaghan.ie\/communitydevelopment\/lcsp\/\",\"url\":\"https:\/\/monaghan.ie\/communitydevelopment\/lcsp\/\",\"name\":\"Monaghan Local Community Safety Partnership - Community Development\",\"isPartOf\":{\"@id\":\"https:\/\/monaghan.ie\/communitydevelopment\/#website\"},\"primaryImageOfPage\":{\"@id\":\"https:\/\/monaghan.ie\/communitydevelopment\/lcsp\/#primaryimage\"},\"image\":{\"@id\":\"https:\/\/monaghan.ie\/communitydevelopment\/lcsp\/#primaryimage\"},\"thumbnailUrl\":\"https:\/\/monaghan.ie\/communitydevelopment\/wp-content\/uploads\/sites\/8\/2025\/08\/Monaghan_LCSP_Headline_RGB-1024x222.jpg\",\"datePublished\":\"2025-08-28T14:35:14+00:00\",\"dateModified\":\"2026-02-09T11:51:23+00:00\",\"breadcrumb\":{\"@id\":\"https:\/\/monaghan.ie\/communitydevelopment\/lcsp\/#breadcrumb\"},\"inLanguage\":\"en-GB\",\"potentialAction\":[{\"@type\":\"ReadAction\",\"target\":[\"https:\/\/monaghan.ie\/communitydevelopment\/lcsp\/\"]}]},{\"@type\":\"ImageObject\",\"inLanguage\":\"en-GB\",\"@id\":\"https:\/\/monaghan.ie\/communitydevelopment\/lcsp\/#primaryimage\",\"url\":\"https:\/\/monaghan.ie\/communitydevelopment\/wp-content\/uploads\/sites\/8\/2025\/08\/Monaghan_LCSP_Headline_RGB.jpg\",\"contentUrl\":\"https:\/\/monaghan.ie\/communitydevelopment\/wp-content\/uploads\/sites\/8\/2025\/08\/Monaghan_LCSP_Headline_RGB.jpg\",\"width\":1765,\"height\":383,\"caption\":\"LCSP logo\"},{\"@type\":\"BreadcrumbList\",\"@id\":\"https:\/\/monaghan.ie\/communitydevelopment\/lcsp\/#breadcrumb\",\"itemListElement\":[{\"@type\":\"ListItem\",\"position\":1,\"name\":\"Home\",\"item\":\"https:\/\/monaghan.ie\/communitydevelopment\/\"},{\"@type\":\"ListItem\",\"position\":2,\"name\":\"Monaghan Local Community Safety Partnership\"}]},{\"@type\":\"WebSite\",\"@id\":\"https:\/\/monaghan.ie\/communitydevelopment\/#website\",\"url\":\"https:\/\/monaghan.ie\/communitydevelopment\/\",\"name\":\"Community Development\",\"description\":\"Monaghan County Council\",\"potentialAction\":[{\"@type\":\"SearchAction\",\"target\":{\"@type\":\"EntryPoint\",\"urlTemplate\":\"https:\/\/monaghan.ie\/communitydevelopment\/?s={search_term_string}\"},\"query-input\":{\"@type\":\"PropertyValueSpecification\",\"valueRequired\":true,\"valueName\":\"search_term_string\"}}],\"inLanguage\":\"en-GB\"}]}<\/script>\n<!-- \/ Yoast SEO plugin. -->","yoast_head_json":{"title":"Monaghan Local Community Safety Partnership - Community Development","robots":{"index":"index","follow":"follow","max-snippet":"max-snippet:-1","max-image-preview":"max-image-preview:large","max-video-preview":"max-video-preview:-1"},"canonical":"https:\/\/monaghan.ie\/communitydevelopment\/lcsp\/","og_locale":"en_GB","og_type":"article","og_title":"Monaghan Local Community Safety Partnership - Community Development","og_description":"Minutes &#8211; 27th November 2025\u00a0 &nbsp; Monaghan Local Community Safety Partnership held its inaugural meeting in November 2025. The Partnerships have been established by the Minister for Justice, Home Affairs [&hellip;]","og_url":"https:\/\/monaghan.ie\/communitydevelopment\/lcsp\/","og_site_name":"Community Development","article_modified_time":"2026-02-09T11:51:23+00:00","og_image":[{"width":1765,"height":383,"url":"https:\/\/monaghan.ie\/communitydevelopment\/wp-content\/uploads\/sites\/8\/2025\/08\/Monaghan_LCSP_Headline_RGB.jpg","type":"image\/jpeg"}],"twitter_card":"summary_large_image","twitter_misc":{"Estimated reading time":"4 minutes"},"schema":{"@context":"https:\/\/schema.org","@graph":[{"@type":"WebPage","@id":"https:\/\/monaghan.ie\/communitydevelopment\/lcsp\/","url":"https:\/\/monaghan.ie\/communitydevelopment\/lcsp\/","name":"Monaghan Local Community Safety Partnership - Community Development","isPartOf":{"@id":"https:\/\/monaghan.ie\/communitydevelopment\/#website"},"primaryImageOfPage":{"@id":"https:\/\/monaghan.ie\/communitydevelopment\/lcsp\/#primaryimage"},"image":{"@id":"https:\/\/monaghan.ie\/communitydevelopment\/lcsp\/#primaryimage"},"thumbnailUrl":"https:\/\/monaghan.ie\/communitydevelopment\/wp-content\/uploads\/sites\/8\/2025\/08\/Monaghan_LCSP_Headline_RGB-1024x222.jpg","datePublished":"2025-08-28T14:35:14+00:00","dateModified":"2026-02-09T11:51:23+00:00","breadcrumb":{"@id":"https:\/\/monaghan.ie\/communitydevelopment\/lcsp\/#breadcrumb"},"inLanguage":"en-GB","potentialAction":[{"@type":"ReadAction","target":["https:\/\/monaghan.ie\/communitydevelopment\/lcsp\/"]}]},{"@type":"ImageObject","inLanguage":"en-GB","@id":"https:\/\/monaghan.ie\/communitydevelopment\/lcsp\/#primaryimage","url":"https:\/\/monaghan.ie\/communitydevelopment\/wp-content\/uploads\/sites\/8\/2025\/08\/Monaghan_LCSP_Headline_RGB.jpg","contentUrl":"https:\/\/monaghan.ie\/communitydevelopment\/wp-content\/uploads\/sites\/8\/2025\/08\/Monaghan_LCSP_Headline_RGB.jpg","width":1765,"height":383,"caption":"LCSP logo"},{"@type":"BreadcrumbList","@id":"https:\/\/monaghan.ie\/communitydevelopment\/lcsp\/#breadcrumb","itemListElement":[{"@type":"ListItem","position":1,"name":"Home","item":"https:\/\/monaghan.ie\/communitydevelopment\/"},{"@type":"ListItem","position":2,"name":"Monaghan Local Community Safety Partnership"}]},{"@type":"WebSite","@id":"https:\/\/monaghan.ie\/communitydevelopment\/#website","url":"https:\/\/monaghan.ie\/communitydevelopment\/","name":"Community Development","description":"Monaghan County Council","potentialAction":[{"@type":"SearchAction","target":{"@type":"EntryPoint","urlTemplate":"https:\/\/monaghan.ie\/communitydevelopment\/?s={search_term_string}"},"query-input":{"@type":"PropertyValueSpecification","valueRequired":true,"valueName":"search_term_string"}}],"inLanguage":"en-GB"}]}},"_links":{"self":[{"href":"https:\/\/monaghan.ie\/communitydevelopment\/wp-json\/wp\/v2\/pages\/3392","targetHints":{"allow":["GET"]}}],"collection":[{"href":"https:\/\/monaghan.ie\/communitydevelopment\/wp-json\/wp\/v2\/pages"}],"about":[{"href":"https:\/\/monaghan.ie\/communitydevelopment\/wp-json\/wp\/v2\/types\/page"}],"author":[{"embeddable":true,"href":"https:\/\/monaghan.ie\/communitydevelopment\/wp-json\/wp\/v2\/users\/47"}],"replies":[{"embeddable":true,"href":"https:\/\/monaghan.ie\/communitydevelopment\/wp-json\/wp\/v2\/comments?post=3392"}],"version-history":[{"count":16,"href":"https:\/\/monaghan.ie\/communitydevelopment\/wp-json\/wp\/v2\/pages\/3392\/revisions"}],"predecessor-version":[{"id":3601,"href":"https:\/\/monaghan.ie\/communitydevelopment\/wp-json\/wp\/v2\/pages\/3392\/revisions\/3601"}],"wp:attachment":[{"href":"https:\/\/monaghan.ie\/communitydevelopment\/wp-json\/wp\/v2\/media?parent=3392"}],"curies":[{"name":"wp","href":"https:\/\/api.w.org\/{rel}","templated":true}]}}