{"id":653,"date":"2021-07-14T12:01:41","date_gmt":"2021-07-14T11:01:41","guid":{"rendered":"https:\/\/monaghan.ie\/corporateservices\/?page_id=653"},"modified":"2025-02-04T18:01:33","modified_gmt":"2025-02-04T18:01:33","slug":"forms-in-irish-language","status":"publish","type":"page","link":"https:\/\/monaghan.ie\/corporateservices\/forms-in-irish-language\/","title":{"rendered":"Forms in Irish Language"},"content":{"rendered":"<p>Faigh naisc th\u00edos chuig Foirmeacha Chomhairle Contae Mhuineach\u00e1in i nGaeilge. T\u00e1 siad liostaithe de r\u00e9ir ainm na Roinne.<\/p>\n<h1><strong>Oifig Eala\u00edona<\/strong><\/h1>\n<table style=\"border-collapse: collapse;width: 100%\">\n<tbody>\n<tr>\n<td style=\"width: 50%\"><a class=\"button\" href=\"https:\/\/monaghan.ie\/corporateservices\/wp-content\/uploads\/sites\/9\/2021\/07\/Sceim-Breisluacha-na-hOifige-Ealaion-2020-2027.doc\">Sc\u00e9im Breisluacha Na HOifige Eala\u00edon 2020 2027<\/a><\/td>\n<td style=\"width: 50%\"><a class=\"button\" href=\"https:\/\/monaghan.ie\/corporateservices\/wp-content\/uploads\/sites\/9\/2021\/07\/Deontas-Comhphairtiochta-Ealaion.doc\" target=\"_blank\" rel=\"noopener noreferrer\">Deontas Comhph\u00e1irt\u00edochta Eala\u00edon<\/a><\/td>\n<\/tr>\n<tr>\n<td style=\"width: 50%\"><a class=\"button\" href=\"https:\/\/monaghan.ie\/corporateservices\/wp-content\/uploads\/sites\/9\/2021\/07\/Deontais-dEalaiontoiri.doc\" target=\"_blank\" rel=\"noopener noreferrer\">Deontais D&#8217;Eala\u00edont\u00f3ir\u00ed<\/a><\/td>\n<td style=\"width: 50%\"><a class=\"button\" href=\"https:\/\/monaghan.ie\/corporateservices\/wp-content\/uploads\/sites\/9\/2021\/07\/Tacaiocht-dEalaiontoiri-Gairmiula-Mhuineachain.doc\">Taca\u00edocht D\u2019Eala\u00edont\u00f3ir\u00ed Gairmi\u00fala Mhuineach\u00e1in<\/a><\/td>\n<\/tr>\n<tr>\n<td style=\"width: 50%\"><\/td>\n<td style=\"width: 50%\"><\/td>\n<\/tr>\n<\/tbody>\n<\/table>\n<h1><strong>B\u00f3ithre<\/strong><\/h1>\n<table style=\"border-collapse: collapse;width: 100%\">\n<tbody>\n<tr>\n<td style=\"width: 50%\"><a class=\"button\" href=\"https:\/\/monaghan.ie\/corporateservices\/wp-content\/uploads\/sites\/9\/2021\/07\/Foirm-Iarratais-Sholathar-Araid-Salainn.doc\">Foirm Iarratais Shol\u00e1thar Araid Salainn<\/a><\/td>\n<td style=\"width: 50%\"><a class=\"button\" href=\"https:\/\/monaghan.ie\/corporateservices\/wp-content\/uploads\/sites\/9\/2021\/07\/IARRATAS-AR-DEIMHNITHE-SABHAILTEACHTA-DOITEAIN-LE-hAGHAIDH-SCRUDU-COIPCHEART.doc\">IARRATAS AR DEIMHNITHE S\u00c1BH\u00c1ILTEACHTA D\u00d3ITE\u00c1IN LE HAGHAIDH SCR\u00daD\u00da C\u00d3IPCHEART<\/a><\/td>\n<\/tr>\n<tr>\n<td style=\"width: 50%\"><\/td>\n<td style=\"width: 50%\"><\/td>\n<\/tr>\n<\/tbody>\n<\/table>\n<h1><strong>Ceantar Bardasach<\/strong><\/h1>\n<table style=\"border-collapse: collapse;width: 100%;height: 366px\">\n<tbody>\n<tr style=\"height: 97px\">\n<td style=\"width: 50%;height: 97px\"><a class=\"button\" href=\"https:\/\/monaghan.ie\/corporateservices\/wp-content\/uploads\/sites\/9\/2021\/07\/FOIRM-IARRATAIS-AR-CHEADUNAS-PAIRCEALA-CONAITHE-Carraig-Mhachaire-Rois.docx\">FOIRM IARRATAIS AR CHEAD\u00daNAS P\u00c1IRCE\u00c1LA C\u00d3NAITHE Carraig Mhachaire Rois<\/a><\/td>\n<td style=\"width: 50%;height: 97px\"><a class=\"button\" href=\"https:\/\/monaghan.ie\/corporateservices\/wp-content\/uploads\/sites\/9\/2021\/07\/IARRATAS-AR-CHEADUNAS-TRADAIL-OCAIDEACH-Carraihg-Mhachaire-Rois.doc\">IARRATAS AR CHEAD\u00daNAS TR\u00c1D\u00c1IL \u00d3C\u00c1IDEACH Carraihg Mhachaire Rois<\/a><\/td>\n<\/tr>\n<tr style=\"height: 73px\">\n<td style=\"width: 50%;height: 73px\"><a class=\"button\" href=\"https:\/\/monaghan.ie\/corporateservices\/wp-content\/uploads\/sites\/9\/2021\/07\/IARRATAS-AR-CHEADUNAS-TRADAIL-OCAIDEACH-Loch-Mucnu.doc\">IARRATAS AR CHEAD\u00daNAS TR\u00c1D\u00c1IL \u00d3C\u00c1IDEACH Loch Mucn\u00fa<\/a><\/td>\n<td style=\"width: 50%;height: 73px\"><a class=\"button\" href=\"https:\/\/monaghan.ie\/corporateservices\/wp-content\/uploads\/sites\/9\/2021\/07\/IARRATAS-AR-CHEADUNAS-BALLA-CLAR.doc\">IARRATAS AR CHEAD\u00daNAS BALLA CL\u00c1R<\/a><\/td>\n<\/tr>\n<tr style=\"height: 49px\">\n<td style=\"width: 50%;height: 49px\"><a class=\"button\" href=\"https:\/\/monaghan.ie\/wp-content\/uploads\/2018\/02\/Traffic_Fine_Appeal-Irish.pdf\" target=\"_blank\" rel=\"noopener noreferrer\">Achomharc in aghaidh F\u00edne\u00e1il Tr\u00e1chta<\/a><\/td>\n<td style=\"width: 50%;height: 49px\"><a class=\"button\" href=\"https:\/\/monaghan.ie\/wp-content\/uploads\/2018\/02\/Bandstand_Application_Form_in_Irish_.pdf\" target=\"_blank\" rel=\"noopener noreferrer\">Iarratas ar Ard\u00e1n Banna An diamant a \u00fas\u00e1id<\/a><\/td>\n<\/tr>\n<tr style=\"height: 49px\">\n<td style=\"width: 50%;height: 49px\"><a class=\"button\" href=\"https:\/\/monaghan.ie\/wp-content\/uploads\/2018\/02\/Expression_of_Interest_Form_in_irish.pdf\" target=\"_blank\" rel=\"noopener noreferrer\">L\u00e9iri\u00fa Speis in \u00d3c\u00e1id\u00ed ar Sp\u00e1s Poibl\u00ed<\/a><\/td>\n<td style=\"width: 50%;height: 49px\"><a class=\"button\" href=\"https:\/\/monaghan.ie\/wp-content\/uploads\/2018\/02\/Statement_of_Nomination_of_Name_and_Address._in_Irish_doc.pdf\" target=\"_blank\" rel=\"noopener noreferrer\">R\u00e1iteas um Ainm agus Seoladh Tiom\u00e1na\u00ed Feithicle a Ainmni\u00fa<\/a><\/td>\n<\/tr>\n<tr style=\"height: 49px\">\n<td style=\"width: 50%;height: 49px\"><a class=\"button\" href=\"https:\/\/monaghan.ie\/wp-content\/uploads\/2021\/01\/IARRATAS-AR-DHIOSCA-PAIRCEALA-AITRITHEORA-MS-Word.doc\" target=\"_blank\" rel=\"noopener noreferrer\">Iarratas ar Dhiosca P\u00e1irce\u00e1la \u00c1ithritheora<\/a><\/td>\n<td style=\"width: 50%;height: 49px\"><a class=\"button\" href=\"https:\/\/monaghan.ie\/wp-content\/uploads\/2021\/03\/Foirm-Iarratais-Ar-Cheadunas-Corr-Thradala.docx\" target=\"_blank\" rel=\"noopener noreferrer\">Foirm Iarratais ar Chead\u00fan\u00e1s Corr-Thrad\u00e1la<\/a><\/td>\n<\/tr>\n<tr style=\"height: 49px\">\n<td style=\"width: 50%;height: 49px\"><a class=\"button\" href=\"https:\/\/monaghan.ie\/wp-content\/uploads\/2021\/03\/Iarratas-ar-Cheadunas-foai-Alt-254.docx\" target=\"_blank\" rel=\"noopener noreferrer\">Foirm Iarratais ar Chead\u00fan\u00e1s faoi Alt 254<\/a><\/td>\n<td style=\"width: 50%;height: 49px\"><\/td>\n<\/tr>\n<\/tbody>\n<\/table>\n<h1><strong>Rial\u00fa Madra\u00ed<\/strong><\/h1>\n<table style=\"border-collapse: collapse;width: 100%\">\n<tbody>\n<tr>\n<td style=\"width: 50%\"><a class=\"button\" href=\"https:\/\/monaghan.ie\/corporateservices\/wp-content\/uploads\/sites\/9\/2021\/07\/Iarratas-ar-Ionad-Poruchan-Madrai-a-chlaru.doc\">Iarratas Ar Ionad P\u00f3r\u00fach\u00e1n Madra\u00ed A Chl\u00e1r\u00fa<\/a><\/td>\n<td style=\"width: 50%\"><\/td>\n<\/tr>\n<tr>\n<td style=\"width: 50%\"><\/td>\n<td style=\"width: 50%\"><\/td>\n<\/tr>\n<\/tbody>\n<\/table>\n<h1><strong><span lang=\"EN-US\">Serbhis\u00ed D\u00f3itean<\/span><\/strong><\/h1>\n<table style=\"border-collapse: collapse;width: 100%\">\n<tbody>\n<tr>\n<td style=\"width: 50%\"><a class=\"button\" href=\"https:\/\/monaghan.ie\/corporateservices\/wp-content\/uploads\/sites\/9\/2021\/07\/Leathanach-Iarratais-Cuairteora.doc\">Leathanach Iarratais Cuairteora<\/a><\/td>\n<td style=\"width: 50%\"><a class=\"button\" href=\"https:\/\/monaghan.ie\/corporateservices\/wp-content\/uploads\/sites\/9\/2021\/07\/IARRATAS-AR-DEIMHNITHE-SABHAILTEACHTA-DOITEAIN-LE-hAGHAIDH-SCRUDU-COIPCHEART-1.doc\">IARRATAS AR DEIMHNITHE S\u00c1BH\u00c1ILTEACHTA D\u00d3ITE\u00c1IN LE HAGHAIDH SCR\u00daD\u00da C\u00d3IPCHEART <\/a><\/td>\n<\/tr>\n<tr>\n<td style=\"width: 50%\"><a class=\"button\" href=\"https:\/\/monaghan.ie\/corporateservices\/wp-content\/uploads\/sites\/9\/2021\/07\/Facility-Information-Signs-Application-Form-Guidelines-2019-1.doc\">Iarratas ar Chomhartha Eolais ar \u00c1iseanna<\/a><\/td>\n<td style=\"width: 50%\"><\/td>\n<\/tr>\n<tr>\n<td style=\"width: 50%\"><\/td>\n<td style=\"width: 50%\"><\/td>\n<\/tr>\n<\/tbody>\n<\/table>\n<h1><strong>Comhshaol<\/strong><\/h1>\n<table style=\"border-collapse: collapse;width: 100%\">\n<tbody>\n<tr>\n<td style=\"width: 50%\"><a class=\"button\" href=\"https:\/\/monaghan.ie\/corporateservices\/wp-content\/uploads\/sites\/9\/2021\/07\/Ciste-Cruatain-Tailli-Bailithe-Dramhaiola.doc\">Ciste Cruatain T\u00e1ill\u00ed Bailithe Dramha\u00edola<\/a><\/td>\n<td style=\"width: 50%\"><a class=\"button\" href=\"https:\/\/monaghan.ie\/corporateservices\/wp-content\/uploads\/sites\/9\/2021\/07\/Fogra-le-Do-Foirm-iarratais.doc\">F\u00f3gra Le D\u00f3 Foirm Iarratais<\/a><\/td>\n<\/tr>\n<tr>\n<td style=\"width: 50%\"><\/td>\n<td style=\"width: 50%\"><\/td>\n<\/tr>\n<\/tbody>\n<\/table>\n<h1><strong>Tith\u00edocht<\/strong><\/h1>\n<table style=\"border-collapse: collapse;width: 100%;height: 219px\">\n<tbody>\n<tr style=\"height: 73px\">\n<td style=\"width: 50%;height: 73px\"><a class=\"button\" href=\"https:\/\/monaghan.ie\/corporateservices\/wp-content\/uploads\/sites\/9\/2021\/07\/Foirm-Iarratais-ar-Aistriu-Ti.doc\">Foirm Iarratais Ar Aistri\u00fa T\u00ed<\/a><\/td>\n<td style=\"width: 50%;height: 73px\"><a class=\"button\" href=\"https:\/\/monaghan.ie\/corporateservices\/wp-content\/uploads\/sites\/9\/2021\/07\/Tionontacht-a-thabhairt-suas.docx\">Tion\u00f3ntacht A Thabhairt Suas<\/a><\/td>\n<\/tr>\n<tr style=\"height: 73px\">\n<td style=\"width: 50%;height: 73px\"><a class=\"button\" href=\"https:\/\/monaghan.ie\/corporateservices\/wp-content\/uploads\/sites\/9\/2021\/07\/Dialann-Teagmhais_-Foirm-Ghearain.doc\">Dialann Teagmhais Foirm Ghear\u00e1in<\/a><\/td>\n<td style=\"width: 50%;height: 73px\"><a class=\"button\" href=\"https:\/\/monaghan.ie\/corporateservices\/wp-content\/uploads\/sites\/9\/2021\/07\/Foirm-Ghearain.doc\">Foirm Ghear\u00e1in<\/a><\/td>\n<\/tr>\n<tr style=\"height: 73px\">\n<td style=\"width: 50%;height: 73px\"><a class=\"button\" href=\"https:\/\/monaghan.ie\/corporateservices\/wp-content\/uploads\/sites\/9\/2021\/07\/Foirm-measunaithe-ciosa.doc\">Foirm Meas\u00fanaithe C\u00edosa<\/a><\/td>\n<td style=\"width: 50%;height: 73px\"><a class=\"button\" href=\"https:\/\/monaghan.ie\/housing\/wp-content\/uploads\/sites\/6\/2016\/11\/20180529165025834.pdf\" target=\"_blank\" rel=\"noopener noreferrer\">Iasacht tith\u00edocht Ath\u00f3gail na h\u00c9ireann<\/a><\/td>\n<\/tr>\n<\/tbody>\n<\/table>\n<h1><strong>Rann\u00f3g Pleanala<\/strong><\/h1>\n<table style=\"border-collapse: collapse;width: 100%\">\n<tbody>\n<tr>\n<td style=\"width: 50%\"><a class=\"button\" href=\"https:\/\/monaghan.ie\/planning\/wp-content\/uploads\/sites\/4\/2019\/12\/Sample-Site-notice-as-gaeilge-pdf.pdf\" target=\"_blank\" rel=\"noopener noreferrer\">F\u00f3gra Su\u00edomh<\/a><\/td>\n<td style=\"width: 50%\"><\/td>\n<\/tr>\n<\/tbody>\n<\/table>\n<h1><strong>Rann\u00f3g um Ghn\u00f3tha\u00ed Corpar\u00e1ideacha<\/strong><\/h1>\n<table style=\"border-collapse: collapse;width: 100%\">\n<tbody>\n<tr>\n<td style=\"width: 50%\"><a class=\"button\" href=\"https:\/\/monaghan.ie\/corporateservices\/wp-content\/uploads\/sites\/9\/2021\/03\/Foirm-Iarratais-ar-Shaorail-Faisneise-2014-PDF.pdf\" target=\"_blank\" rel=\"noopener noreferrer\">IARRATAS AR ROCHTAIN AR THAIFID FAOIN ACHT UM SHAOR\u00c1IL FAISN\u00c9SE 2014<\/a><\/td>\n<td style=\"width: 50%\"><a class=\"button\" href=\"https:\/\/monaghan.ie\/wp-content\/uploads\/2017\/02\/RFA_Irish_Form-1.pdf\" target=\"_blank\" rel=\"noopener noreferrer\">Iasstas ar iontr\u00e1il ainmneacha I gcl\u00e1r na dtoghth\u00f3ir\u00ed<\/a><\/td>\n<\/tr>\n<tr>\n<td style=\"width: 50%\"><a class=\"button\" href=\"https:\/\/monaghan.ie\/wp-content\/uploads\/2017\/02\/RFA1_Irish_Form.pdf\" target=\"_blank\" rel=\"noopener noreferrer\">\u00c9ILEAMH AR CHEART\u00daCH\u00c1N AR DHR\u00c9ACHTCHL\u00c1R NA dTOGHTH\u00d3IR\u00cd<\/a><\/td>\n<td style=\"width: 50%\"><a class=\"button\" href=\"https:\/\/monaghan.ie\/wp-content\/uploads\/2017\/02\/PV2-Postal-OccupationorStudentIrish.pdf\" target=\"_blank\" rel=\"noopener noreferrer\">Iarratas \u00f3 thoghth\u00f3ir\u00ed nach bhfuil in ann v\u00f3ta a chaitheamh ina st\u00e1isi\u00fan v\u00f3ta\u00edochta de bharr imthosca Sl\u00ed Beatha<\/a><\/td>\n<\/tr>\n<tr>\n<td style=\"width: 50%\"><a class=\"button\" href=\"https:\/\/monaghan.ie\/wp-content\/uploads\/2017\/02\/RFA3-ChangeofAddressIrish.pdf\" target=\"_blank\" rel=\"noopener noreferrer\">Iarratas chun ainm a chur san \u00e1ireamh san Fhorl\u00edonadh a ghabhann le Cl\u00e1r na dToghth\u00f3ir\u00ed Athr\u00fa ar Sheoladh<\/a><\/td>\n<td style=\"width: 50%\"><\/td>\n<\/tr>\n<\/tbody>\n<\/table>\n","protected":false},"excerpt":{"rendered":"<p>Faigh naisc th\u00edos chuig Foirmeacha Chomhairle Contae Mhuineach\u00e1in i nGaeilge. T\u00e1 siad liostaithe de r\u00e9ir ainm na Roinne. Oifig Eala\u00edona Sc\u00e9im Breisluacha Na HOifige Eala\u00edon 2020 2027 Deontas Comhph\u00e1irt\u00edochta Eala\u00edon [&hellip;]<\/p>\n","protected":false},"author":1,"featured_media":0,"parent":0,"menu_order":0,"comment_status":"closed","ping_status":"closed","template":"","meta":{"_searchwp_excluded":"","footnotes":""},"class_list":["post-653","page","type-page","status-publish","hentry"],"yoast_head":"<!-- This site is optimized with the Yoast SEO plugin v27.2 - https:\/\/yoast.com\/product\/yoast-seo-wordpress\/ -->\n<title>Forms in Irish Language - Corporate Services<\/title>\n<meta name=\"robots\" content=\"index, follow, max-snippet:-1, max-image-preview:large, max-video-preview:-1\" \/>\n<link rel=\"canonical\" href=\"https:\/\/monaghan.ie\/corporateservices\/forms-in-irish-language\/\" \/>\n<meta property=\"og:locale\" content=\"en_GB\" \/>\n<meta property=\"og:type\" content=\"article\" \/>\n<meta property=\"og:title\" content=\"Forms in Irish Language - Corporate Services\" \/>\n<meta property=\"og:description\" content=\"Faigh naisc th\u00edos chuig Foirmeacha Chomhairle Contae Mhuineach\u00e1in i nGaeilge. T\u00e1 siad liostaithe de r\u00e9ir ainm na Roinne. Oifig Eala\u00edona Sc\u00e9im Breisluacha Na HOifige Eala\u00edon 2020 2027 Deontas Comhph\u00e1irt\u00edochta Eala\u00edon [&hellip;]\" \/>\n<meta property=\"og:url\" content=\"https:\/\/monaghan.ie\/corporateservices\/forms-in-irish-language\/\" \/>\n<meta property=\"og:site_name\" content=\"Corporate Services\" \/>\n<meta property=\"article:modified_time\" content=\"2025-02-04T18:01:33+00:00\" \/>\n<meta name=\"twitter:card\" content=\"summary_large_image\" \/>\n<meta name=\"twitter:label1\" content=\"Estimated reading time\" \/>\n\t<meta name=\"twitter:data1\" content=\"2 minutes\" \/>\n<script type=\"application\/ld+json\" class=\"yoast-schema-graph\">{\"@context\":\"https:\/\/schema.org\",\"@graph\":[{\"@type\":\"WebPage\",\"@id\":\"https:\/\/monaghan.ie\/corporateservices\/forms-in-irish-language\/\",\"url\":\"https:\/\/monaghan.ie\/corporateservices\/forms-in-irish-language\/\",\"name\":\"Forms in Irish Language - Corporate Services\",\"isPartOf\":{\"@id\":\"https:\/\/monaghan.ie\/corporateservices\/#website\"},\"datePublished\":\"2021-07-14T11:01:41+00:00\",\"dateModified\":\"2025-02-04T18:01:33+00:00\",\"breadcrumb\":{\"@id\":\"https:\/\/monaghan.ie\/corporateservices\/forms-in-irish-language\/#breadcrumb\"},\"inLanguage\":\"en-GB\",\"potentialAction\":[{\"@type\":\"ReadAction\",\"target\":[\"https:\/\/monaghan.ie\/corporateservices\/forms-in-irish-language\/\"]}]},{\"@type\":\"BreadcrumbList\",\"@id\":\"https:\/\/monaghan.ie\/corporateservices\/forms-in-irish-language\/#breadcrumb\",\"itemListElement\":[{\"@type\":\"ListItem\",\"position\":1,\"name\":\"Home\",\"item\":\"https:\/\/monaghan.ie\/corporateservices\/\"},{\"@type\":\"ListItem\",\"position\":2,\"name\":\"Forms in Irish Language\"}]},{\"@type\":\"WebSite\",\"@id\":\"https:\/\/monaghan.ie\/corporateservices\/#website\",\"url\":\"https:\/\/monaghan.ie\/corporateservices\/\",\"name\":\"Corporate Services\",\"description\":\"Monaghan County Council\",\"potentialAction\":[{\"@type\":\"SearchAction\",\"target\":{\"@type\":\"EntryPoint\",\"urlTemplate\":\"https:\/\/monaghan.ie\/corporateservices\/?s={search_term_string}\"},\"query-input\":{\"@type\":\"PropertyValueSpecification\",\"valueRequired\":true,\"valueName\":\"search_term_string\"}}],\"inLanguage\":\"en-GB\"}]}<\/script>\n<!-- \/ Yoast SEO plugin. -->","yoast_head_json":{"title":"Forms in Irish Language - Corporate Services","robots":{"index":"index","follow":"follow","max-snippet":"max-snippet:-1","max-image-preview":"max-image-preview:large","max-video-preview":"max-video-preview:-1"},"canonical":"https:\/\/monaghan.ie\/corporateservices\/forms-in-irish-language\/","og_locale":"en_GB","og_type":"article","og_title":"Forms in Irish Language - Corporate Services","og_description":"Faigh naisc th\u00edos chuig Foirmeacha Chomhairle Contae Mhuineach\u00e1in i nGaeilge. T\u00e1 siad liostaithe de r\u00e9ir ainm na Roinne. Oifig Eala\u00edona Sc\u00e9im Breisluacha Na HOifige Eala\u00edon 2020 2027 Deontas Comhph\u00e1irt\u00edochta Eala\u00edon [&hellip;]","og_url":"https:\/\/monaghan.ie\/corporateservices\/forms-in-irish-language\/","og_site_name":"Corporate Services","article_modified_time":"2025-02-04T18:01:33+00:00","twitter_card":"summary_large_image","twitter_misc":{"Estimated reading time":"2 minutes"},"schema":{"@context":"https:\/\/schema.org","@graph":[{"@type":"WebPage","@id":"https:\/\/monaghan.ie\/corporateservices\/forms-in-irish-language\/","url":"https:\/\/monaghan.ie\/corporateservices\/forms-in-irish-language\/","name":"Forms in Irish Language - Corporate Services","isPartOf":{"@id":"https:\/\/monaghan.ie\/corporateservices\/#website"},"datePublished":"2021-07-14T11:01:41+00:00","dateModified":"2025-02-04T18:01:33+00:00","breadcrumb":{"@id":"https:\/\/monaghan.ie\/corporateservices\/forms-in-irish-language\/#breadcrumb"},"inLanguage":"en-GB","potentialAction":[{"@type":"ReadAction","target":["https:\/\/monaghan.ie\/corporateservices\/forms-in-irish-language\/"]}]},{"@type":"BreadcrumbList","@id":"https:\/\/monaghan.ie\/corporateservices\/forms-in-irish-language\/#breadcrumb","itemListElement":[{"@type":"ListItem","position":1,"name":"Home","item":"https:\/\/monaghan.ie\/corporateservices\/"},{"@type":"ListItem","position":2,"name":"Forms in Irish Language"}]},{"@type":"WebSite","@id":"https:\/\/monaghan.ie\/corporateservices\/#website","url":"https:\/\/monaghan.ie\/corporateservices\/","name":"Corporate Services","description":"Monaghan County Council","potentialAction":[{"@type":"SearchAction","target":{"@type":"EntryPoint","urlTemplate":"https:\/\/monaghan.ie\/corporateservices\/?s={search_term_string}"},"query-input":{"@type":"PropertyValueSpecification","valueRequired":true,"valueName":"search_term_string"}}],"inLanguage":"en-GB"}]}},"_links":{"self":[{"href":"https:\/\/monaghan.ie\/corporateservices\/wp-json\/wp\/v2\/pages\/653","targetHints":{"allow":["GET"]}}],"collection":[{"href":"https:\/\/monaghan.ie\/corporateservices\/wp-json\/wp\/v2\/pages"}],"about":[{"href":"https:\/\/monaghan.ie\/corporateservices\/wp-json\/wp\/v2\/types\/page"}],"author":[{"embeddable":true,"href":"https:\/\/monaghan.ie\/corporateservices\/wp-json\/wp\/v2\/users\/1"}],"replies":[{"embeddable":true,"href":"https:\/\/monaghan.ie\/corporateservices\/wp-json\/wp\/v2\/comments?post=653"}],"version-history":[{"count":1,"href":"https:\/\/monaghan.ie\/corporateservices\/wp-json\/wp\/v2\/pages\/653\/revisions"}],"predecessor-version":[{"id":1443,"href":"https:\/\/monaghan.ie\/corporateservices\/wp-json\/wp\/v2\/pages\/653\/revisions\/1443"}],"wp:attachment":[{"href":"https:\/\/monaghan.ie\/corporateservices\/wp-json\/wp\/v2\/media?parent=653"}],"curies":[{"name":"wp","href":"https:\/\/api.w.org\/{rel}","templated":true}]}}