{"id":22,"date":"2016-11-18T10:00:18","date_gmt":"2016-11-18T10:00:18","guid":{"rendered":"http:\/\/monaghan.ie\/planning\/?page_id=22"},"modified":"2025-02-06T15:30:05","modified_gmt":"2025-02-06T15:30:05","slug":"variation-no-19-core-strategy","status":"publish","type":"page","link":"https:\/\/monaghan.ie\/planning\/variation-no-19-core-strategy\/","title":{"rendered":"Variation No. 19 &#8211; Core Strategy"},"content":{"rendered":"<p style=\"text-align: center\"><strong>\u00dadar\u00e1is Phlean\u00e1la Contae Mhuineach\u00e1in<\/strong><br \/>\n<strong>County Monaghan Planning Authorities<\/strong><\/p>\n<p style=\"text-align: center\"><strong>PLANNING &amp; DEVELOPMENT ACTS 2000-2010<\/strong><\/p>\n<p style=\"text-align: center\"><strong>NOTICE OF VARIATION OF THE MONAGHAN COUNTY DEVELOPMENT PLAN 2007-2013 (INCORPORATING THE DEVELOPMENT PLANS FOR THE TOWNS OF MONAGHAN, CARRICKMACROSS, CASTLEBLAYNEY, CLONES, AND BALLYBAY) \u2013 INCORPORATION OF CORE STRATEGY<\/strong><\/p>\n<p>Notice is hereby given pursuant to Section 13 of the Planning and Development Act 2000 that County Monaghan Planning Authorities made a variation (<strong>Variation No. 19<\/strong>) to the Monaghan County Development Plan 2007-2013 (incorporating the Development Plans for the towns of Monaghan, Carrickmacross, Castleblayney, Clones and Ballybay). The variation consists of the incorporation of a Core Strategy within the Development Plans.<\/p>\n<p>The Core Strategy and associated maps can be viewed by clicking on the links below:-<\/p>\n<p><strong><a href=\"http:\/\/monaghan.ie\/planning\/wp-content\/uploads\/sites\/4\/2016\/11\/DraftCoreStrategyFinal2.pdf\" target=\"_blank\" rel=\"noopener\">Draft Core Strategy<\/a>\u00a0(PDF)<\/strong><\/p>\n<p><strong><a href=\"http:\/\/monaghan.ie\/planning\/wp-content\/uploads\/sites\/4\/2016\/11\/DEVELOPMENTPRESSURESFINAL.pdf\" target=\"_blank\" rel=\"noopener\">Map 3.1 Development Pressure<\/a>\u00a0(PDF)<\/strong><\/p>\n<p><strong><span style=\"font-size: 16px\"> <a href=\"http:\/\/monaghan.ie\/planning\/wp-content\/uploads\/sites\/4\/2016\/11\/FinalCoreStrategyMap.pdf\" target=\"_blank\" rel=\"noopener\">Map 3.2 Core Strategy Map<\/a>\u00a0(PDF)<\/span><\/strong><\/p>\n<p><strong><span style=\"font-size: 16px\"> <a href=\"http:\/\/monaghan.ie\/planning\/wp-content\/uploads\/sites\/4\/2016\/11\/Monaghan5KM.pdf\" target=\"_blank\" rel=\"noopener\">Map 3.3 Monaghan Town RAUSUI<\/a>\u00a0(PDF)<\/span><\/strong><\/p>\n<p><strong><a href=\"http:\/\/monaghan.ie\/planning\/wp-content\/uploads\/sites\/4\/2016\/11\/Carrickmacross5KM.pdf\" target=\"_blank\" rel=\"noopener\">Map 3.4 Carrickmacross Town RAUSUI<\/a>\u00a0(PDF)<\/strong><\/p>\n<p><strong><a href=\"http:\/\/monaghan.ie\/planning\/wp-content\/uploads\/sites\/4\/2016\/11\/Castleblayney3KM.pdf\" target=\"_blank\" rel=\"noopener\">Map 3.5 Castleblayney Town RAUSUI<\/a>\u00a0(PDF)<\/strong><\/p>\n<p><strong><a href=\"http:\/\/monaghan.ie\/planning\/wp-content\/uploads\/sites\/4\/2016\/11\/Clones3KM.pdf\" target=\"_blank\" rel=\"noopener\">Map 3.6 Clones Town RAUSUI<\/a>\u00a0(PDF)<\/strong><\/p>\n<p><strong><a href=\"http:\/\/monaghan.ie\/planning\/wp-content\/uploads\/sites\/4\/2016\/11\/RoadsLinks.pdf\" target=\"_blank\" rel=\"noopener\">Map 3.7 Roads Network<\/a>\u00a0(PDF)<\/strong><\/p>\n<p><strong><a href=\"http:\/\/monaghan.ie\/planning\/wp-content\/uploads\/sites\/4\/2016\/11\/publictransport2.pdf\" target=\"_blank\" rel=\"noopener\">Map 3.8 Public Transport<\/a>\u00a0(PDF)<\/strong><\/p>\n<p>A copy of the Monaghan County Development Plan as varied and the Core Strategy are available for inspection at the following places and times:-<\/p>\n<table class=\" aligncenter\" style=\"width: 515px;height: 599px\">\n<tbody>\n<tr>\n<td style=\"width: 263.136px;text-align: center\">Planning Reception<br \/>\nMonaghan County Council<br \/>\nCounty Offices,<br \/>\nThe Glen,<br \/>\nMonaghan<\/td>\n<td style=\"width: 249.864px;text-align: center\">Between 9.15am and 5pm (including lunchtime)<\/td>\n<\/tr>\n<tr>\n<td style=\"width: 263.136px;text-align: center\">Monaghan Town Council<br \/>\nTown Hall,<br \/>\nDublin Street,<br \/>\nMonaghan<\/td>\n<td style=\"width: 249.864px;text-align: center\">Between 9.15am and 5pm (including lunchtime)<\/td>\n<\/tr>\n<tr>\n<td style=\"width: 263.136px;text-align: center\">Carrickmacross Town Council<br \/>\nCivic Offices<br \/>\nRiverside Road,<br \/>\nCarrickmacross<\/td>\n<td style=\"width: 249.864px;text-align: center\">Between 9.15am and 5.15pm (including lunchtime)<\/td>\n<\/tr>\n<tr>\n<td style=\"width: 263.136px;text-align: center\">Castleblayney Town Council<br \/>\nMain Street,<br \/>\nCastleblayney<\/td>\n<td style=\"width: 249.864px;text-align: center\">Between 9.15am and 4.45pm<\/td>\n<\/tr>\n<tr>\n<td style=\"width: 263.136px;text-align: center\">Clones Town Council<br \/>\nPringle Building,<br \/>\nMonaghan Street<br \/>\nClones<\/td>\n<td style=\"width: 249.864px;text-align: center\">Between 9.15am and 5pm (including lunchtime)<\/td>\n<\/tr>\n<\/tbody>\n<\/table>\n<p><strong>David Fallon<\/strong><br \/>\n<strong>County Manager<\/strong><br \/>\n<strong>29th March 2012<\/strong><\/p>\n","protected":false},"excerpt":{"rendered":"<p>\u00dadar\u00e1is Phlean\u00e1la Contae Mhuineach\u00e1in County Monaghan Planning Authorities PLANNING &amp; DEVELOPMENT ACTS 2000-2010 NOTICE OF VARIATION OF THE MONAGHAN COUNTY DEVELOPMENT PLAN 2007-2013 (INCORPORATING THE DEVELOPMENT PLANS FOR THE TOWNS [&hellip;]<\/p>\n","protected":false},"author":1,"featured_media":0,"parent":0,"menu_order":0,"comment_status":"closed","ping_status":"closed","template":"","meta":{"_searchwp_excluded":"","footnotes":""},"class_list":["post-22","page","type-page","status-publish","hentry"],"yoast_head":"<!-- This site is optimized with the Yoast SEO plugin v27.2 - https:\/\/yoast.com\/product\/yoast-seo-wordpress\/ -->\n<title>Variation No. 19 - Core Strategy - Planning<\/title>\n<meta name=\"robots\" content=\"index, follow, max-snippet:-1, max-image-preview:large, max-video-preview:-1\" \/>\n<link rel=\"canonical\" href=\"https:\/\/monaghan.ie\/planning\/variation-no-19-core-strategy\/\" \/>\n<meta property=\"og:locale\" content=\"en_GB\" \/>\n<meta property=\"og:type\" content=\"article\" \/>\n<meta property=\"og:title\" content=\"Variation No. 19 - Core Strategy - Planning\" \/>\n<meta property=\"og:description\" content=\"\u00dadar\u00e1is Phlean\u00e1la Contae Mhuineach\u00e1in County Monaghan Planning Authorities PLANNING &amp; DEVELOPMENT ACTS 2000-2010 NOTICE OF VARIATION OF THE MONAGHAN COUNTY DEVELOPMENT PLAN 2007-2013 (INCORPORATING THE DEVELOPMENT PLANS FOR THE TOWNS [&hellip;]\" \/>\n<meta property=\"og:url\" content=\"https:\/\/monaghan.ie\/planning\/variation-no-19-core-strategy\/\" \/>\n<meta property=\"og:site_name\" content=\"Planning\" \/>\n<meta property=\"article:modified_time\" content=\"2025-02-06T15:30:05+00:00\" \/>\n<meta name=\"twitter:card\" content=\"summary_large_image\" \/>\n<meta name=\"twitter:label1\" content=\"Estimated reading time\" \/>\n\t<meta name=\"twitter:data1\" content=\"2 minutes\" \/>\n<script type=\"application\/ld+json\" class=\"yoast-schema-graph\">{\"@context\":\"https:\/\/schema.org\",\"@graph\":[{\"@type\":\"WebPage\",\"@id\":\"https:\/\/monaghan.ie\/planning\/variation-no-19-core-strategy\/\",\"url\":\"https:\/\/monaghan.ie\/planning\/variation-no-19-core-strategy\/\",\"name\":\"Variation No. 19 - Core Strategy - Planning\",\"isPartOf\":{\"@id\":\"https:\/\/monaghan.ie\/planning\/#website\"},\"datePublished\":\"2016-11-18T10:00:18+00:00\",\"dateModified\":\"2025-02-06T15:30:05+00:00\",\"breadcrumb\":{\"@id\":\"https:\/\/monaghan.ie\/planning\/variation-no-19-core-strategy\/#breadcrumb\"},\"inLanguage\":\"en-GB\",\"potentialAction\":[{\"@type\":\"ReadAction\",\"target\":[\"https:\/\/monaghan.ie\/planning\/variation-no-19-core-strategy\/\"]}]},{\"@type\":\"BreadcrumbList\",\"@id\":\"https:\/\/monaghan.ie\/planning\/variation-no-19-core-strategy\/#breadcrumb\",\"itemListElement\":[{\"@type\":\"ListItem\",\"position\":1,\"name\":\"Home\",\"item\":\"https:\/\/monaghan.ie\/planning\/\"},{\"@type\":\"ListItem\",\"position\":2,\"name\":\"Variation No. 19 &#8211; Core Strategy\"}]},{\"@type\":\"WebSite\",\"@id\":\"https:\/\/monaghan.ie\/planning\/#website\",\"url\":\"https:\/\/monaghan.ie\/planning\/\",\"name\":\"Planning\",\"description\":\"Monaghan County Council\",\"potentialAction\":[{\"@type\":\"SearchAction\",\"target\":{\"@type\":\"EntryPoint\",\"urlTemplate\":\"https:\/\/monaghan.ie\/planning\/?s={search_term_string}\"},\"query-input\":{\"@type\":\"PropertyValueSpecification\",\"valueRequired\":true,\"valueName\":\"search_term_string\"}}],\"inLanguage\":\"en-GB\"}]}<\/script>\n<!-- \/ Yoast SEO plugin. -->","yoast_head_json":{"title":"Variation No. 19 - Core Strategy - Planning","robots":{"index":"index","follow":"follow","max-snippet":"max-snippet:-1","max-image-preview":"max-image-preview:large","max-video-preview":"max-video-preview:-1"},"canonical":"https:\/\/monaghan.ie\/planning\/variation-no-19-core-strategy\/","og_locale":"en_GB","og_type":"article","og_title":"Variation No. 19 - Core Strategy - Planning","og_description":"\u00dadar\u00e1is Phlean\u00e1la Contae Mhuineach\u00e1in County Monaghan Planning Authorities PLANNING &amp; DEVELOPMENT ACTS 2000-2010 NOTICE OF VARIATION OF THE MONAGHAN COUNTY DEVELOPMENT PLAN 2007-2013 (INCORPORATING THE DEVELOPMENT PLANS FOR THE TOWNS [&hellip;]","og_url":"https:\/\/monaghan.ie\/planning\/variation-no-19-core-strategy\/","og_site_name":"Planning","article_modified_time":"2025-02-06T15:30:05+00:00","twitter_card":"summary_large_image","twitter_misc":{"Estimated reading time":"2 minutes"},"schema":{"@context":"https:\/\/schema.org","@graph":[{"@type":"WebPage","@id":"https:\/\/monaghan.ie\/planning\/variation-no-19-core-strategy\/","url":"https:\/\/monaghan.ie\/planning\/variation-no-19-core-strategy\/","name":"Variation No. 19 - Core Strategy - Planning","isPartOf":{"@id":"https:\/\/monaghan.ie\/planning\/#website"},"datePublished":"2016-11-18T10:00:18+00:00","dateModified":"2025-02-06T15:30:05+00:00","breadcrumb":{"@id":"https:\/\/monaghan.ie\/planning\/variation-no-19-core-strategy\/#breadcrumb"},"inLanguage":"en-GB","potentialAction":[{"@type":"ReadAction","target":["https:\/\/monaghan.ie\/planning\/variation-no-19-core-strategy\/"]}]},{"@type":"BreadcrumbList","@id":"https:\/\/monaghan.ie\/planning\/variation-no-19-core-strategy\/#breadcrumb","itemListElement":[{"@type":"ListItem","position":1,"name":"Home","item":"https:\/\/monaghan.ie\/planning\/"},{"@type":"ListItem","position":2,"name":"Variation No. 19 &#8211; Core Strategy"}]},{"@type":"WebSite","@id":"https:\/\/monaghan.ie\/planning\/#website","url":"https:\/\/monaghan.ie\/planning\/","name":"Planning","description":"Monaghan County Council","potentialAction":[{"@type":"SearchAction","target":{"@type":"EntryPoint","urlTemplate":"https:\/\/monaghan.ie\/planning\/?s={search_term_string}"},"query-input":{"@type":"PropertyValueSpecification","valueRequired":true,"valueName":"search_term_string"}}],"inLanguage":"en-GB"}]}},"_links":{"self":[{"href":"https:\/\/monaghan.ie\/planning\/wp-json\/wp\/v2\/pages\/22","targetHints":{"allow":["GET"]}}],"collection":[{"href":"https:\/\/monaghan.ie\/planning\/wp-json\/wp\/v2\/pages"}],"about":[{"href":"https:\/\/monaghan.ie\/planning\/wp-json\/wp\/v2\/types\/page"}],"author":[{"embeddable":true,"href":"https:\/\/monaghan.ie\/planning\/wp-json\/wp\/v2\/users\/1"}],"replies":[{"embeddable":true,"href":"https:\/\/monaghan.ie\/planning\/wp-json\/wp\/v2\/comments?post=22"}],"version-history":[{"count":1,"href":"https:\/\/monaghan.ie\/planning\/wp-json\/wp\/v2\/pages\/22\/revisions"}],"predecessor-version":[{"id":7693,"href":"https:\/\/monaghan.ie\/planning\/wp-json\/wp\/v2\/pages\/22\/revisions\/7693"}],"wp:attachment":[{"href":"https:\/\/monaghan.ie\/planning\/wp-json\/wp\/v2\/media?parent=22"}],"curies":[{"name":"wp","href":"https:\/\/api.w.org\/{rel}","templated":true}]}}